{"id":364,"date":"2014-04-16T08:08:40","date_gmt":"2014-04-16T07:08:40","guid":{"rendered":"http:\/\/www.it-service-leipzig.com\/?page_id=364"},"modified":"2023-07-24T12:15:55","modified_gmt":"2023-07-24T11:15:55","slug":"mt-magnetpulverpruefung","status":"publish","type":"page","link":"https:\/\/www.it-service-leipzig.com\/?page_id=364","title":{"rendered":"MT &#8211; Magnetpulverpr\u00fcfung"},"content":{"rendered":"<ul>\n<li>\u00dcberpr\u00fcfung, Wartung, Instandsetzung von Handmagneten<\/li>\n<li>Ausmessen von Handmagneten inkl. Dokumentation<\/li>\n<li>\u00dcberpr\u00fcfung, Wartung, Instandsetzung von Feldst\u00e4rkemessger\u00e4ten<\/li>\n<li>Kalibrierung von Feldst\u00e4rkemessger\u00e4ten (Werkskalibrierschein)<\/li>\n<li>Ger\u00e4tereparaturen an unserem Standort Leipzig<\/li>\n<li>Lieferung von Zubeh\u00f6r und Verbrauchsmaterial (Vorsatzpole, Schalter etc.)<\/li>\n<li>\u00dcberpr\u00fcfung auf elektrische Sicherheit nach DGUV Vorschrift 3 (BGV A3)<\/li>\n<li>Beratung zu Pr\u00fcfproblemen (keine Erstellung von Pr\u00fcfanweisungen)<\/li>\n<li>Verkauf von Neu- und Gebrauchtger\u00e4ten<\/li>\n<li>Verkauf von Test- und Kalibrierk\u00f6rpern<\/li>\n<li>Verkauf von Pr\u00fcfmittel (Tageslicht und fluoreszierend)<\/li>\n<li>Wartung und Verkauf von (UV-) Lampen<\/li>\n<\/ul>\n","protected":false},"excerpt":{"rendered":"<p>\u00dcberpr\u00fcfung, Wartung, Instandsetzung von Handmagneten Ausmessen von Handmagneten inkl. Dokumentation \u00dcberpr\u00fcfung, Wartung, Instandsetzung von Feldst\u00e4rkemessger\u00e4ten Kalibrierung von Feldst\u00e4rkemessger\u00e4ten (Werkskalibrierschein) Ger\u00e4tereparaturen an unserem Standort Leipzig Lieferung von Zubeh\u00f6r und Verbrauchsmaterial (Vorsatzpole, Schalter etc.) \u00dcberpr\u00fcfung auf elektrische Sicherheit nach DGUV Vorschrift 3 (BGV A3) Beratung zu Pr\u00fcfproblemen (keine Erstellung von Pr\u00fcfanweisungen) Verkauf\u2026<\/p>\n<p class=\"continue-reading-button\"> <a class=\"continue-reading-link\" href=\"https:\/\/www.it-service-leipzig.com\/?page_id=364\">Mehr lesen &#8230; Read more &#8230;<i class=\"crycon-right-dir\"><\/i><\/a><\/p>\n","protected":false},"author":1,"featured_media":0,"parent":116,"menu_order":8,"comment_status":"closed","ping_status":"closed","template":"","meta":[],"_links":{"self":[{"href":"https:\/\/www.it-service-leipzig.com\/index.php?rest_route=\/wp\/v2\/pages\/364"}],"collection":[{"href":"https:\/\/www.it-service-leipzig.com\/index.php?rest_route=\/wp\/v2\/pages"}],"about":[{"href":"https:\/\/www.it-service-leipzig.com\/index.php?rest_route=\/wp\/v2\/types\/page"}],"author":[{"embeddable":true,"href":"https:\/\/www.it-service-leipzig.com\/index.php?rest_route=\/wp\/v2\/users\/1"}],"replies":[{"embeddable":true,"href":"https:\/\/www.it-service-leipzig.com\/index.php?rest_route=%2Fwp%2Fv2%2Fcomments&post=364"}],"version-history":[{"count":8,"href":"https:\/\/www.it-service-leipzig.com\/index.php?rest_route=\/wp\/v2\/pages\/364\/revisions"}],"predecessor-version":[{"id":2298,"href":"https:\/\/www.it-service-leipzig.com\/index.php?rest_route=\/wp\/v2\/pages\/364\/revisions\/2298"}],"up":[{"embeddable":true,"href":"https:\/\/www.it-service-leipzig.com\/index.php?rest_route=\/wp\/v2\/pages\/116"}],"wp:attachment":[{"href":"https:\/\/www.it-service-leipzig.com\/index.php?rest_route=%2Fwp%2Fv2%2Fmedia&parent=364"}],"curies":[{"name":"wp","href":"https:\/\/api.w.org\/{rel}","templated":true}]}}