{"id":361,"date":"2014-04-16T08:07:47","date_gmt":"2014-04-16T07:07:47","guid":{"rendered":"http:\/\/www.it-service-leipzig.com\/?page_id=361"},"modified":"2023-07-24T12:15:25","modified_gmt":"2023-07-24T11:15:25","slug":"pt-farbeindringpruefung","status":"publish","type":"page","link":"https:\/\/www.it-service-leipzig.com\/?page_id=361","title":{"rendered":"PT &#8211; Farbeindringpr\u00fcfung"},"content":{"rendered":"<ul>\n<li>Ausmessen von UV-Lampen inkl. Dokumentation<\/li>\n<li>Kalibrierung von Wei\u00dflichtmessger\u00e4ten (Werks- bzw. DakkS-Kalibrierschein)<\/li>\n<li>Kalibrierung von UV-Lichtmessger\u00e4ten inkl. Dokumentation<\/li>\n<li>Verkauf von Neu- und Gebrauchtger\u00e4ten<\/li>\n<li>Instandsetzung an unserem Standort Leipzig<\/li>\n<li>Lieferung von Zubeh\u00f6r und Verbrauchsmaterial (Leuchtmittel, Akkus etc.)<\/li>\n<li>Beratung zu Pr\u00fcfproblemen (keine Erstellung von Pr\u00fcfanweisungen)<\/li>\n<li>Verkauf von Test- und Kalibrierk\u00f6rpern<\/li>\n<li>Rekalibrierung von Testk\u00f6rpern<\/li>\n<li>Verkauf von Zubeh\u00f6r und Hilfsmitteln f\u00fcr die Eindringpr\u00fcfung<\/li>\n<li>Verkauf von Anzeige- und Messger\u00e4ten zur Kontrolle der Umgebungsparameter<\/li>\n<\/ul>\n","protected":false},"excerpt":{"rendered":"<p>Ausmessen von UV-Lampen inkl. Dokumentation Kalibrierung von Wei\u00dflichtmessger\u00e4ten (Werks- bzw. DakkS-Kalibrierschein) Kalibrierung von UV-Lichtmessger\u00e4ten inkl. Dokumentation Verkauf von Neu- und Gebrauchtger\u00e4ten Instandsetzung an unserem Standort Leipzig Lieferung von Zubeh\u00f6r und Verbrauchsmaterial (Leuchtmittel, Akkus etc.) Beratung zu Pr\u00fcfproblemen (keine Erstellung von Pr\u00fcfanweisungen) Verkauf von Test- und Kalibrierk\u00f6rpern Rekalibrierung von Testk\u00f6rpern Verkauf\u2026<\/p>\n<p class=\"continue-reading-button\"> <a class=\"continue-reading-link\" href=\"https:\/\/www.it-service-leipzig.com\/?page_id=361\">Mehr lesen &#8230; Read more &#8230;<i class=\"crycon-right-dir\"><\/i><\/a><\/p>\n","protected":false},"author":1,"featured_media":0,"parent":116,"menu_order":7,"comment_status":"closed","ping_status":"closed","template":"","meta":[],"_links":{"self":[{"href":"https:\/\/www.it-service-leipzig.com\/index.php?rest_route=\/wp\/v2\/pages\/361"}],"collection":[{"href":"https:\/\/www.it-service-leipzig.com\/index.php?rest_route=\/wp\/v2\/pages"}],"about":[{"href":"https:\/\/www.it-service-leipzig.com\/index.php?rest_route=\/wp\/v2\/types\/page"}],"author":[{"embeddable":true,"href":"https:\/\/www.it-service-leipzig.com\/index.php?rest_route=\/wp\/v2\/users\/1"}],"replies":[{"embeddable":true,"href":"https:\/\/www.it-service-leipzig.com\/index.php?rest_route=%2Fwp%2Fv2%2Fcomments&post=361"}],"version-history":[{"count":5,"href":"https:\/\/www.it-service-leipzig.com\/index.php?rest_route=\/wp\/v2\/pages\/361\/revisions"}],"predecessor-version":[{"id":2297,"href":"https:\/\/www.it-service-leipzig.com\/index.php?rest_route=\/wp\/v2\/pages\/361\/revisions\/2297"}],"up":[{"embeddable":true,"href":"https:\/\/www.it-service-leipzig.com\/index.php?rest_route=\/wp\/v2\/pages\/116"}],"wp:attachment":[{"href":"https:\/\/www.it-service-leipzig.com\/index.php?rest_route=%2Fwp%2Fv2%2Fmedia&parent=361"}],"curies":[{"name":"wp","href":"https:\/\/api.w.org\/{rel}","templated":true}]}}