{"id":356,"date":"2014-04-16T08:06:49","date_gmt":"2014-04-16T07:06:49","guid":{"rendered":"http:\/\/www.it-service-leipzig.com\/?page_id=356"},"modified":"2023-07-24T12:11:31","modified_gmt":"2023-07-24T11:11:31","slug":"vt-sichtpruefung","status":"publish","type":"page","link":"https:\/\/www.it-service-leipzig.com\/?page_id=356","title":{"rendered":"VT &#8211; Sichtpr\u00fcfung"},"content":{"rendered":"<ul>\n<li>Verkauf von Neuger\u00e4ten und Zubeh\u00f6rteilen:<br \/>\nVideo-Endoskope | Glasfaser-Endoskope | starre Endoskope<\/li>\n<li>Herstellung und Vertrieb von Hilfsmitteln f\u00fcr die Bedienung von Ger\u00e4ten<br \/>\n(direkte und indirekte Sichtpr\u00fcfung)<\/li>\n<li>Wartung an Sichtpr\u00fcfger\u00e4ten zur Kontrolle der Umgebungsparameter<br \/>\n(Pr\u00fcfung nach Normvorgabe oder gem\u00e4\u00df erstellter Spezifikation)<\/li>\n<\/ul>\n","protected":false},"excerpt":{"rendered":"<p>Verkauf von Neuger\u00e4ten und Zubeh\u00f6rteilen: Video-Endoskope | Glasfaser-Endoskope | starre Endoskope Herstellung und Vertrieb von Hilfsmitteln f\u00fcr die Bedienung von Ger\u00e4ten (direkte und indirekte Sichtpr\u00fcfung) Wartung an Sichtpr\u00fcfger\u00e4ten zur Kontrolle der Umgebungsparameter (Pr\u00fcfung nach Normvorgabe oder gem\u00e4\u00df erstellter Spezifikation)<\/p>\n<p class=\"continue-reading-button\"> <a class=\"continue-reading-link\" href=\"https:\/\/www.it-service-leipzig.com\/?page_id=356\">Mehr lesen &#8230; Read more &#8230;<i class=\"crycon-right-dir\"><\/i><\/a><\/p>\n","protected":false},"author":1,"featured_media":0,"parent":116,"menu_order":5,"comment_status":"closed","ping_status":"closed","template":"","meta":[],"_links":{"self":[{"href":"https:\/\/www.it-service-leipzig.com\/index.php?rest_route=\/wp\/v2\/pages\/356"}],"collection":[{"href":"https:\/\/www.it-service-leipzig.com\/index.php?rest_route=\/wp\/v2\/pages"}],"about":[{"href":"https:\/\/www.it-service-leipzig.com\/index.php?rest_route=\/wp\/v2\/types\/page"}],"author":[{"embeddable":true,"href":"https:\/\/www.it-service-leipzig.com\/index.php?rest_route=\/wp\/v2\/users\/1"}],"replies":[{"embeddable":true,"href":"https:\/\/www.it-service-leipzig.com\/index.php?rest_route=%2Fwp%2Fv2%2Fcomments&post=356"}],"version-history":[{"count":8,"href":"https:\/\/www.it-service-leipzig.com\/index.php?rest_route=\/wp\/v2\/pages\/356\/revisions"}],"predecessor-version":[{"id":2295,"href":"https:\/\/www.it-service-leipzig.com\/index.php?rest_route=\/wp\/v2\/pages\/356\/revisions\/2295"}],"up":[{"embeddable":true,"href":"https:\/\/www.it-service-leipzig.com\/index.php?rest_route=\/wp\/v2\/pages\/116"}],"wp:attachment":[{"href":"https:\/\/www.it-service-leipzig.com\/index.php?rest_route=%2Fwp%2Fv2%2Fmedia&parent=356"}],"curies":[{"name":"wp","href":"https:\/\/api.w.org\/{rel}","templated":true}]}}