{"id":2112,"date":"2021-01-05T14:04:17","date_gmt":"2021-01-05T13:04:17","guid":{"rendered":"https:\/\/www.it-service-leipzig.com\/?page_id=2112"},"modified":"2023-07-24T12:08:58","modified_gmt":"2023-07-24T11:08:58","slug":"steuerkabel","status":"publish","type":"page","link":"https:\/\/www.it-service-leipzig.com\/?page_id=2112","title":{"rendered":"Steuerkabel"},"content":{"rendered":"<p>IT-Service liefert Ihnen die passenden Steuerkabel\/Verbindungskabel f\u00fcr Ihre R\u00f6ntgeneinrichtung. Je nach Zustand der Kabelkomponenten kann auch eine Instandsetzung des vorhandenen Kabels m\u00f6glich sein. Wir liefern Ihnen:<\/p>\n<ul>\n<li>Originalkabel, neu ab Herstellerwerk<\/li>\n<li>Gebrauchtkabel (nach Verf\u00fcgbarkeit)<\/li>\n<li>Kabel aus eigener Produktion (bei Einstellung der Originalproduktion)<\/li>\n<\/ul>\n<p style=\"text-align: center;\"><strong>Ihre Anfrage beantworten wir gern unter <a href=\"mailto:roentgen@its-leipzig.com\">roentgen@its-leipzig.com<\/a>.<\/strong><\/p>\n<p>Unterst\u00fctzt werden die folgenden Hersteller (weitere Hersteller, Modelle und \u00e4ltere Systeme auf Anfrage):<\/p>\n<div id=\"footable_parent_2111\"\n         class=\" footable_parent ninja_table_wrapper loading_ninja_table wp_table_data_press_parent semantic_ui \">\n                <table data-ninja_table_instance=\"ninja_table_instance_0\" data-footable_id=\"2111\" data-filter-delay=\"1000\" aria-label=\"Steuerkabel f\u00fcr Industrie-R\u00f6ntgenanlagen\"            id=\"footable_2111\"\n           data-unique_identifier=\"ninja_table_unique_id_1909326354_2111\"\n           class=\" foo-table ninja_footable foo_table_2111 ninja_table_unique_id_1909326354_2111 ui table  nt_type_ajax_table single line selectable striped vertical_centered  footable-paging-right\">\n                <colgroup>\n                            <col class=\"ninja_column_0 \">\n                            <col class=\"ninja_column_1 \">\n                            <col class=\"ninja_column_2 \">\n                    <\/colgroup>\n            <\/table>\n                    <style type=\"text\/css\" id='ninja_table_custom_css_2111'>\n                        #footable_2111  {\n    font-family: ;\n    font-size: px;\n    }\n\n    \n                <\/style>\n                \n    \n    \n<\/div>\n\n","protected":false},"excerpt":{"rendered":"<p>IT-Service liefert Ihnen die passenden Steuerkabel\/Verbindungskabel f\u00fcr Ihre R\u00f6ntgeneinrichtung. Je nach Zustand der Kabelkomponenten kann auch eine Instandsetzung des vorhandenen Kabels m\u00f6glich sein. Wir liefern Ihnen: Originalkabel, neu ab Herstellerwerk Gebrauchtkabel (nach Verf\u00fcgbarkeit) Kabel aus eigener Produktion (bei Einstellung der Originalproduktion) Ihre Anfrage beantworten wir gern unter roentgen@its-leipzig.com. Unterst\u00fctzt werden\u2026<\/p>\n<p class=\"continue-reading-button\"> <a class=\"continue-reading-link\" href=\"https:\/\/www.it-service-leipzig.com\/?page_id=2112\">Mehr lesen &#8230; Read more &#8230;<i class=\"crycon-right-dir\"><\/i><\/a><\/p>\n","protected":false},"author":1,"featured_media":0,"parent":138,"menu_order":3,"comment_status":"closed","ping_status":"closed","template":"","meta":[],"_links":{"self":[{"href":"https:\/\/www.it-service-leipzig.com\/index.php?rest_route=\/wp\/v2\/pages\/2112"}],"collection":[{"href":"https:\/\/www.it-service-leipzig.com\/index.php?rest_route=\/wp\/v2\/pages"}],"about":[{"href":"https:\/\/www.it-service-leipzig.com\/index.php?rest_route=\/wp\/v2\/types\/page"}],"author":[{"embeddable":true,"href":"https:\/\/www.it-service-leipzig.com\/index.php?rest_route=\/wp\/v2\/users\/1"}],"replies":[{"embeddable":true,"href":"https:\/\/www.it-service-leipzig.com\/index.php?rest_route=%2Fwp%2Fv2%2Fcomments&post=2112"}],"version-history":[{"count":5,"href":"https:\/\/www.it-service-leipzig.com\/index.php?rest_route=\/wp\/v2\/pages\/2112\/revisions"}],"predecessor-version":[{"id":2292,"href":"https:\/\/www.it-service-leipzig.com\/index.php?rest_route=\/wp\/v2\/pages\/2112\/revisions\/2292"}],"up":[{"embeddable":true,"href":"https:\/\/www.it-service-leipzig.com\/index.php?rest_route=\/wp\/v2\/pages\/138"}],"wp:attachment":[{"href":"https:\/\/www.it-service-leipzig.com\/index.php?rest_route=%2Fwp%2Fv2%2Fmedia&parent=2112"}],"curies":[{"name":"wp","href":"https:\/\/api.w.org\/{rel}","templated":true}]}}