{"id":160,"date":"2014-02-18T11:06:36","date_gmt":"2014-02-18T10:06:36","guid":{"rendered":"http:\/\/www.it-service-leipzig.com\/?page_id=160"},"modified":"2023-07-24T12:09:40","modified_gmt":"2023-07-24T11:09:40","slug":"vermietung","status":"publish","type":"page","link":"https:\/\/www.it-service-leipzig.com\/?page_id=160","title":{"rendered":"Vermietung"},"content":{"rendered":"<p>An unseren Standorten Leipzig und Haan\/Castrop-Rauxel halten wir st\u00e4ndig eine Auswahl an tragbaren und mobilen Miet-R\u00f6ntgenanlagen f\u00fcr Sie vor. Pr\u00fcfengp\u00e4sse oder Ausf\u00e4lle durch Ger\u00e4tereparaturen k\u00f6nnen so einfach \u00fcberbr\u00fcckt werden. Soweit nicht reserviert oder vermietet\/verliehen, k\u00f6nnen wir Ihnen u. a. anbieten (Auszug &#8211; Zwischenvermietung vorbehalten):<\/p>\n<ul>\n<li>YXLON R\u00f6ntgenanlage Typ XMB225 (mobil)<\/li>\n<li>GE R\u00f6ntgenanlage Typ ISOVOLT mobile 160<\/li>\n<li>BALTEAU R\u00f6ntgenanlage Typ CERAM35 (tragbar)<\/li>\n<li>GE R\u00f6ntgenanlage Typ ERESCO 42MF4 (tragbar)<\/li>\n<li>YXLON R\u00f6ntgenanlage SMART EVO 225D (tragbar)<\/li>\n<li>weitere R\u00f6ntgenanlagen auf Anfrage &#8230;<\/li>\n<\/ul>\n<p>Sollte f\u00fcr die Komplettierung Ihrer R\u00f6ntgenanlage nur eine Teilkomponente erforderlich sein, z. B. R\u00f6hrenkopf oder K\u00fchlaggregat, so k\u00f6nnen Sie auch diese Einzelkomponenten (nach Verf\u00fcgbarkeit) bei uns anmieten. \u00dcbersenden Sie uns im Bedarfsfall Ihre <strong><a href=\"mailto:roentgen@its-leipzig.com?subject=Anfrage-Mietanlage\">Anfrage<\/a><\/strong>. Wir unterbreiten Ihnen gern ein unverbindliches Angebot. F\u00fcr die Anmietung von Anlagen und Komponenten gelten unsere\u00a0<a href=\"?page_id=198\">Mietbedingungen<\/a> und <a href=\"?page_id=196\">AGB<\/a>.<\/p>\n","protected":false},"excerpt":{"rendered":"<p>An unseren Standorten Leipzig und Haan\/Castrop-Rauxel halten wir st\u00e4ndig eine Auswahl an tragbaren und mobilen Miet-R\u00f6ntgenanlagen f\u00fcr Sie vor. Pr\u00fcfengp\u00e4sse oder Ausf\u00e4lle durch Ger\u00e4tereparaturen k\u00f6nnen so einfach \u00fcberbr\u00fcckt werden. Soweit nicht reserviert oder vermietet\/verliehen, k\u00f6nnen wir Ihnen u. a. anbieten (Auszug &#8211; Zwischenvermietung vorbehalten): YXLON R\u00f6ntgenanlage Typ XMB225 (mobil) GE\u2026<\/p>\n<p class=\"continue-reading-button\"> <a class=\"continue-reading-link\" href=\"https:\/\/www.it-service-leipzig.com\/?page_id=160\">Mehr lesen &#8230; Read more &#8230;<i class=\"crycon-right-dir\"><\/i><\/a><\/p>\n","protected":false},"author":1,"featured_media":0,"parent":138,"menu_order":4,"comment_status":"closed","ping_status":"closed","template":"","meta":[],"_links":{"self":[{"href":"https:\/\/www.it-service-leipzig.com\/index.php?rest_route=\/wp\/v2\/pages\/160"}],"collection":[{"href":"https:\/\/www.it-service-leipzig.com\/index.php?rest_route=\/wp\/v2\/pages"}],"about":[{"href":"https:\/\/www.it-service-leipzig.com\/index.php?rest_route=\/wp\/v2\/types\/page"}],"author":[{"embeddable":true,"href":"https:\/\/www.it-service-leipzig.com\/index.php?rest_route=\/wp\/v2\/users\/1"}],"replies":[{"embeddable":true,"href":"https:\/\/www.it-service-leipzig.com\/index.php?rest_route=%2Fwp%2Fv2%2Fcomments&post=160"}],"version-history":[{"count":21,"href":"https:\/\/www.it-service-leipzig.com\/index.php?rest_route=\/wp\/v2\/pages\/160\/revisions"}],"predecessor-version":[{"id":2293,"href":"https:\/\/www.it-service-leipzig.com\/index.php?rest_route=\/wp\/v2\/pages\/160\/revisions\/2293"}],"up":[{"embeddable":true,"href":"https:\/\/www.it-service-leipzig.com\/index.php?rest_route=\/wp\/v2\/pages\/138"}],"wp:attachment":[{"href":"https:\/\/www.it-service-leipzig.com\/index.php?rest_route=%2Fwp%2Fv2%2Fmedia&parent=160"}],"curies":[{"name":"wp","href":"https:\/\/api.w.org\/{rel}","templated":true}]}}