{"id":128,"date":"2014-02-18T10:59:26","date_gmt":"2014-02-18T08:59:26","guid":{"rendered":"http:\/\/www.it-service-leipzig.com\/?page_id=128"},"modified":"2024-09-05T11:50:05","modified_gmt":"2024-09-05T10:50:05","slug":"historie","status":"publish","type":"page","link":"https:\/\/www.it-service-leipzig.com\/?page_id=128","title":{"rendered":"Historie"},"content":{"rendered":"<ul>\n<li style=\"text-align: justify;\"><strong><span style=\"color: #0167af;\">1992<\/span><\/strong> Gr\u00fcndung des Unternehmens durch &#8222;Management buy-out&#8220; ehemaliger Mitarbeiter des Bereiches Ger\u00e4teservice\u00a0 der &#8222;ISOCOMMERZ&#8220; (einzigem Produzenten und H\u00e4ndler von Strahlenquellen auf dem Territorium der damaligen DDR).<\/li>\n<li style=\"text-align: justify;\"><strong><span style=\"color: #0167af;\">1995<\/span><\/strong> Kauf von Geb\u00e4ude und Grundst\u00fcck (Leipzig) von der &#8222;Treuhand&#8220;.<\/li>\n<li><strong><span style=\"color: #0167af;\">1996<\/span><\/strong> Erst-Zertifizierung des IT-Service nach DIN EN ISO 9001.<\/li>\n<li style=\"text-align: justify;\"><strong><span style=\"color: #0167af;\">2003<\/span><\/strong> MDS Nordion schlie\u00dft seinen Standort in Haan. IT-Service \u00fcbernimmt einen Teil der Mitarbeiter, mietet den Standort von der Sauerwein-Familie an und gr\u00fcndet die ITS Betriebsst\u00e4tte Haan. Das Gammaradiographie-Ger\u00e4te- und Quellengesch\u00e4ft f\u00fcr Deutschland wird vom Standort Haan weitergef\u00fchrt.<\/li>\n<li style=\"text-align: justify;\"><strong><span style=\"color: #0167af;\">2010<\/span><\/strong> Die Werkstatt in Haan wird durch einen Neubau um 300m\u00b2 erweitert, um die Voraussetzungen f\u00fcr den Bereich (Industrie-) R\u00f6ntgenservice zu schaffen.<\/li>\n<li style=\"text-align: justify;\"><strong><span style=\"color: #0167af;\">2010<\/span><\/strong> \u00dcbernahme der Firma JHK Industrie Service (Servicedienstleister f\u00fcr industrielle R\u00f6ntgentechnik). Umzug der Firma JHK in die neu geschaffenen R\u00e4umlichkeiten am Standort Haan.<\/li>\n<li style=\"text-align: justify;\"><strong><span style=\"color: #0167af;\">2012<\/span><\/strong> 20j\u00e4hriges Bestehen des IT-Service Leipzig.<\/li>\n<li><strong><span style=\"color: #0167af;\">2015 <\/span><\/strong>IT-Service wird &#8222;Channel Partner&#8220;, autorisierter Handler und Servicepartner von GE Sensing &amp; Inspection Technologies (jetzt Baker Hughes, Waygate Technologies) f\u00fcr die Bereiche Industrier\u00f6ntgenfilme, R\u00f6ntgen- und Ultraschalltechnik, digitale R\u00f6ntgentechnik und R\u00f6ntgenfilmentwicklungsmaschinen.<\/li>\n<li style=\"text-align: justify;\"><strong><span style=\"color: #0167af;\">2017 <\/span><\/strong>Auslagerung der Abteilung R\u00f6ntgenservice von Haan nach Castrop-Rauxel (Henrichenburg). 25j\u00e4hriges Bestehen des Unternehmens IT-Service Leipzig GmbH und Zertifizierung nach ISO 9001:2015.<\/li>\n<li><strong><span style=\"color: #0167af;\">2019 <\/span><\/strong>Inbetriebnahme der neuen Manipulationszellen nach Genehmigung durch die Bezirksregierung D\u00fcsseldorf am Standort Haan.<\/li>\n<li><strong><span style=\"color: #0167af;\">2024 <\/span><\/strong>Verschmelzung IT-S Holding GmbH und IT-Service Leipzig GmbH.<\/li>\n<\/ul>\n","protected":false},"excerpt":{"rendered":"<p>1992 Gr\u00fcndung des Unternehmens durch &#8222;Management buy-out&#8220; ehemaliger Mitarbeiter des Bereiches Ger\u00e4teservice\u00a0 der &#8222;ISOCOMMERZ&#8220; (einzigem Produzenten und H\u00e4ndler von Strahlenquellen auf dem Territorium der damaligen DDR). 1995 Kauf von Geb\u00e4ude und Grundst\u00fcck (Leipzig) von der &#8222;Treuhand&#8220;. 1996 Erst-Zertifizierung des IT-Service nach DIN EN ISO 9001. 2003 MDS Nordion schlie\u00dft seinen\u2026<\/p>\n<p class=\"continue-reading-button\"> <a class=\"continue-reading-link\" href=\"https:\/\/www.it-service-leipzig.com\/?page_id=128\">Mehr lesen &#8230; Read more &#8230;<i class=\"crycon-right-dir\"><\/i><\/a><\/p>\n","protected":false},"author":1,"featured_media":0,"parent":114,"menu_order":1,"comment_status":"closed","ping_status":"closed","template":"templates\/template-page-with-intro.php","meta":[],"_links":{"self":[{"href":"https:\/\/www.it-service-leipzig.com\/index.php?rest_route=\/wp\/v2\/pages\/128"}],"collection":[{"href":"https:\/\/www.it-service-leipzig.com\/index.php?rest_route=\/wp\/v2\/pages"}],"about":[{"href":"https:\/\/www.it-service-leipzig.com\/index.php?rest_route=\/wp\/v2\/types\/page"}],"author":[{"embeddable":true,"href":"https:\/\/www.it-service-leipzig.com\/index.php?rest_route=\/wp\/v2\/users\/1"}],"replies":[{"embeddable":true,"href":"https:\/\/www.it-service-leipzig.com\/index.php?rest_route=%2Fwp%2Fv2%2Fcomments&post=128"}],"version-history":[{"count":16,"href":"https:\/\/www.it-service-leipzig.com\/index.php?rest_route=\/wp\/v2\/pages\/128\/revisions"}],"predecessor-version":[{"id":2462,"href":"https:\/\/www.it-service-leipzig.com\/index.php?rest_route=\/wp\/v2\/pages\/128\/revisions\/2462"}],"up":[{"embeddable":true,"href":"https:\/\/www.it-service-leipzig.com\/index.php?rest_route=\/wp\/v2\/pages\/114"}],"wp:attachment":[{"href":"https:\/\/www.it-service-leipzig.com\/index.php?rest_route=%2Fwp%2Fv2%2Fmedia&parent=128"}],"curies":[{"name":"wp","href":"https:\/\/api.w.org\/{rel}","templated":true}]}}